4.
5bd670
-4001343 (base 5) to base 3
-10012001002
101521132 (base 6) to base 9
3284232
Convert 101100011100100000011 (base 2) to base 16.
163903
Convert 1f4397 (base 16) to base 2.
111110100001110010111
-47334 (base 10) to base 9
-71833
What is -1332332301 (base 5) in base 16?
-33e9d9
-10222110000 (base 3) to base 2
-10011000111110111
Convert 29204b4 (base 13) to base 7.
215643656
What is 516443 (base 7) in base 11?
60726
What is 867449 (base 11) in base 14?
2811da
-250513102 (base 6) to base 14
-8cd290
Convert 81904a (base 11) to base 5.
314040312
-21100101112111 (base 3) to base 10
-3904915
-2001100 (base 5) to base 7
-160355
What is 248170 (base 9) in base 7?
1164150
101002345 (base 7) to base 5
3001231231
Convert 1131836 (base 14) to base 12.
28a99b4
What is 35434025 (base 6) in base 10?
1108961
What is -17c172 (base 15) in base 12?
-4781b2
27911 (base 10) to base 6
333115
243134225 (base 6) to base 8
21526011
-112222020010 (base 3) to base 7
-2335062
Convert -12131041 (base 5) to base 7.
-654611
Convert 142112312 (base 5) to base 3.
1101111222021
-55598 (base 12) to base 2
-11011101000000100
-794905 (base 12) to base 10
-1936661
Convert 5290a55 (base 11) to base 7.
142105306
-100011100111010111 (base 2) to base 3
-21102002221
-ad6bd (base 16) to base 12
-2a30a5
-110110011010100101 (base 2) to base 5
-24113020
Convert 4ab0a8 (base 13) to base 15.
256d27
-20331222 (base 4) to base 14
-d546
-132463366 (base 7) to base 12
-2a45baa
584528 (base 9) to base 2
1010101101101101000
What is ab8425 (base 12) in base 8?
12325535
What is -1111000032 (base 4) in base 14?
-90c58
b4150 (base 12) to base 14
61a0c
172cd (base 15) to base 8
222215
Convert -44436 (base 13) to base 2.
-11110001101101001
-31120302 (base 4) to base 11
-3821a
What is 120212311 (base 4) in base 9?
163227
4410 (base 14) to base 2
10110111111110
What is -1866a54 (base 12) in base 5?
-2302103203
What is 320145 (base 10) in base 5?
40221040
What is -1a3 (base 11) in base 13?
-150
Convert -651cb (base 13) to base 6.
-3525435
Convert -1647c8 (base 13) to base 3.
-1001002021212
What is -60c55 (base 15) in base 2?
-1001010110101100010
Convert -3135264 (base 10) to base 16.
-2fd720
Convert -33233434 (base 5) to base 2.
-1000110110001001101
-40a618 (base 13) to base 9
-2747742
What is -2344212 (base 6) in base 16?
-1df90
-28167 (base 12) to base 8
-154337
What is 2141513 (base 10) in base 4?
20022311021
Convert 9602105 (base 10) to base 6.
541450105
226c4b4 (base 13) to base 10
10594757
What is -81d3d (base 14) in base 9?
-525816
-227007 (base 8) to base 4
-102320013
Convert 244634 (base 7) to base 5.
2414114
2582865 (base 9) to base 16
158eac
-1b6baa (base 12) to base 6
-14251534
Convert -2816878 (base 9) to base 10.
-1546928
What is -3512533 (base 6) in base 4?
-230020221
-100101111010100100001 (base 2) to base 5
-304224101
Convert -67cb6 (base 13) to base 4.
-232013322
-3b131 (base 12) to base 3
-11010122201
What is -72286 (base 9) in base 6?
-1004253
What is 24b89 (base 13) in base 12?
3334a
Convert 111012000020 (base 3) to base 13.
9118b
What is 348693 (base 10) in base 6?
11250153
What is -106262 (base 13) in base 9?
-645868
Convert -2301212232 (base 4) to base 6.
-23331530
What is -1110001100100001 (base 2) in base 3?
-2221202112
Convert -10053451 (base 6) to base 2.
-1000110001000000111
56a459 (base 12) to base 5
323332001
What is 513576 (base 8) in base 3?
22121222220
What is -b662a3 (base 12) in base 9?
-5357106
-23d02 (base 14) to base 12
-42852
What is ab273 (base 15) in base 2?
10000100110010111101
What is 71665 (base 9) in base 15?
debb
Convert 3220443 (base 6) to base 5.
20031113
1202213 (base 7) to base 6
3131545
23ed83 (base 16) to base 6
122244431
Convert 14314 (base 10) to base 8.
33752
What is -1020c6 (base 13) in base 11?
-237421
Convert -2444354 (base 6) to base 12.
-636ba
Convert 432672 (base 11) to base 14.
140078
-20c8310 (base 13) to base 8
-46147356
What is 32473a2 (base 13) in base 3?
1001220000201211
Convert 450513 (base 14) to base 6.
122125325
-232010023 (base 4) to base 16
-2e10b
Convert -56489 (base 12) to base 10.
-114729
What is 11011101100010001 (base 2) in base 5?
12112200
What is 12021012002 (base 4) in base 9?
3023585
What is 6b379 (base 15) in base 11?
213774
What is -438e (base 16) in base 11?
-11aa2
What is 4122023 (base 5) in base 16?
10642
1040311014 (base 5) to base 3
11021121202101
What is -20120011102000 (base 3) in base 10?
-3487104
What is 68377 (base 10) in base 7?
403231
4010100 (base 5) to base 3
10012121220
Convert -252455 (base 9) to base 2.
-100101010010011111
Convert 12a515 (base 11) to base 15.
407c9
What is -3a9b14 (base 14) in base 8?
-7562066
Convert -117179 (base 10) to base 15.
-24abe
Convert 399389 (base 10) to base 14.
a579b
What is -20675 (base 9) in base 15?
-40bb
-1000000000011010001 (base 2) to base 5
-31343403
What is -43921a (base 11) in base 4?
-2222333101
-2111121122200 (base 3) to base 15
-1b451c
Convert 1130203200 (base 4) to base 11.
239910
What is -21021020 (base 7) in base 5?
-423114034
Convert -12022211001 (base 3) to base 5.
-11323332
-300905 (base 15) to base 6
-120512135
Convert 43458b (base 15) to base 5.
1310013011
-1100111001110011001 (base 2) to base 9
-713877
What is 87896 (base 14) in base 5?
41000421
What is 61021 (base 12) in base 2?
11110110011011001
What is b93e2 (base 15) in base 8?
2174551
What is 10000100110111111001 (base 2) in base 4?
2010313321
Convert -3222110213 (base 4) to base 12.
-3a351b
Convert -8332346 (base 9) to base 6.
-235214153
1032034243 (base 5) to base 14
41b690
What is -965190 (base 12) in base 16?
-2434bc
Convert 101000000101000111000101 (base 2) to base 12.
3628319
-223310402 (base 5) to base 13
-28a863
Convert -28a628 (base 13) to base 12.
-3bb350
436901 (base 11) to base 10
697203
What is -174682 (base 9) in base 14?
-2b748
Convert 10440050 (base 7) to base 4.
3123310322
What is 16c09d (base 15) in base 4?
10031132131
What is 1973b02 (base 12) in base 6?
311131202
Convert 133442103 (base 5) to base 4.
2213300301
What is -6625204 (base 7) in base 13?
-22629a
What is 52684 (base 14) in base 12?
970b8
-da3cb (base 15) to base 14
-140657
-3007270 (base 8) to base 3
-1111010221200
Convert 77702 (base 10) to base 9.
127525
Convert -68b6c7 (base 16) to base 15.
-908525
Convert -3174566 (base 10) to base 6.
-152013022
Convert -3551001 (base 7) to base 9.
-754326
10111000011011011 (base 2) to base 9
153468
Convert 1020212112212 (base 3) to base 11.
4159a8
What is -1d0994 (base 16) in base 2?
-111010000100110010100
1473503 (base 13) to base 9
13235768
Convert 14b7 (base 14) to base 3.
12001122
2220022231 (base 4) to base 2
10101000001010101101
Convert -1628108 (base 9) to base 13.
-258a94
What is -11101110000100010101 (base 2) in base 10?
-975125
Convert -115852 (base 9) to base 6.
-1255502
What is 3b701 (base 14) in base 6?
3051353
101110011111001011 (base 2) to base 9
320167
Convert 5316466 (base 7) to base 16.
9d129
-1a298 (base 11) to base 14
-a456
Convert 101001000011001101111 (base 2) to base 11.
839690
What is 187127 (base 9) in base 13?
411a6
Convert 2010263 (base 7) to base 3.
110002020222
Convert 4465653 (base 7) to base 6.
15514033
6777052 (base 8) to base 3
10110012111212
-440154 (base 7) to base 13
-2901c
805834 (base 10) to base 3
1111221101201
-40da8 (base 16) to base 13
-93bab
Convert -198370 (base 11) to base 16.
-4a324
What is -10643281 (base 9) in base 4?
-103231031221
What is -58a52 (base 15) in base 14?
-74d12
What is -193286 (base 11) in base 9?
-502545
What is 12221011020211 (base 3) in base 15?
42408a
What is 3871718 (base 10) in base 5?
1442343333
-12101121201 (base 3) to base 16
-19eac
What is 216412 (base 7) in base 12?
1a19a
Convert -2e752 (base 15) to base 12.
-72a88
Convert -334011 (base 7) to base 5.
-3342004
Convert 100112110210022 (base 3) to base 6.
300342142
114013 (base 12) to base 9
461246
72571 (base 11) to base 13
3922c
-100211113321 (base 4) to base 7
-51644410
-10460 (base 9) to base 3
-100112000
-c0cb71 (base 14) to base 5
-3130122241
Convert -2745570 (base 9) to base 8.
-5576426
Convert 23303223 (base 6) to base 5.
141131103
73a33 (base 14) to base 11
180802
Convert 309a568 (base 12) to base 16.
8bcfa0
What is -212103200310 (base 4) in b